[INFO] fetching crate git-subcopy 0.1.0...
[INFO] checking git-subcopy-0.1.0 against master#e6e4f7ed1589e03bc2f6c5931c1a72e7947e8682 for beta-170-4
[INFO] extracting crate git-subcopy 0.1.0 into /workspace/builds/worker-2-tc2/source
[INFO] validating manifest of crates.io crate git-subcopy 0.1.0 on toolchain e6e4f7ed1589e03bc2f6c5931c1a72e7947e8682
[INFO] running `Command { std: CARGO_HOME="/workspace/cargo-home" RUSTUP_HOME="/workspace/rustup-home" "/workspace/cargo-home/bin/cargo" "+e6e4f7ed1589e03bc2f6c5931c1a72e7947e8682" "metadata" "--manifest-path" "Cargo.toml" "--no-deps", kill_on_drop: false }`
[INFO] started tweaking crates.io crate git-subcopy 0.1.0
[INFO] finished tweaking crates.io crate git-subcopy 0.1.0
[INFO] tweaked toml for crates.io crate git-subcopy 0.1.0 written to /workspace/builds/worker-2-tc2/source/Cargo.toml
[INFO] crate crates.io crate git-subcopy 0.1.0 already has a lockfile, it will not be regenerated
[INFO] running `Command { std: CARGO_HOME="/workspace/cargo-home" RUSTUP_HOME="/workspace/rustup-home" "/workspace/cargo-home/bin/cargo" "+e6e4f7ed1589e03bc2f6c5931c1a72e7947e8682" "fetch" "--manifest-path" "Cargo.toml", kill_on_drop: false }`
[INFO] running `Command { std: "docker" "create" "-v" "/var/lib/crater-agent-workspace/builds/worker-2-tc2/target:/opt/rustwide/target:rw,Z" "-v" "/var/lib/crater-agent-workspace/builds/worker-2-tc2/source:/opt/rustwide/workdir:ro,Z" "-v" "/var/lib/crater-agent-workspace/cargo-home:/opt/rustwide/cargo-home:ro,Z" "-v" "/var/lib/crater-agent-workspace/rustup-home:/opt/rustwide/rustup-home:ro,Z" "-e" "SOURCE_DIR=/opt/rustwide/workdir" "-e" "CARGO_TARGET_DIR=/opt/rustwide/target" "-e" "CARGO_HOME=/opt/rustwide/cargo-home" "-e" "RUSTUP_HOME=/opt/rustwide/rustup-home" "-w" "/opt/rustwide/workdir" "-m" "1610612736" "--user" "0:0" "--network" "none" "ghcr.io/rust-lang/crates-build-env/linux@sha256:19e73879b68f455e41552ea35293514db52ea292d993f571636dbffedb77a1ee" "/opt/rustwide/cargo-home/bin/cargo" "+e6e4f7ed1589e03bc2f6c5931c1a72e7947e8682" "metadata" "--no-deps" "--format-version=1", kill_on_drop: false }`
[INFO] [stdout] a06d7998b8adc00f33a495c5a103d0a149a96bec88cdc25170fa7f5a514634b8
[INFO] running `Command { std: "docker" "start" "-a" "a06d7998b8adc00f33a495c5a103d0a149a96bec88cdc25170fa7f5a514634b8", kill_on_drop: false }`
[INFO] running `Command { std: "docker" "inspect" "a06d7998b8adc00f33a495c5a103d0a149a96bec88cdc25170fa7f5a514634b8", kill_on_drop: false }`
[INFO] running `Command { std: "docker" "rm" "-f" "a06d7998b8adc00f33a495c5a103d0a149a96bec88cdc25170fa7f5a514634b8", kill_on_drop: false }`
[INFO] [stdout] a06d7998b8adc00f33a495c5a103d0a149a96bec88cdc25170fa7f5a514634b8
[INFO] running `Command { std: "docker" "create" "-v" "/var/lib/crater-agent-workspace/builds/worker-2-tc2/target:/opt/rustwide/target:rw,Z" "-v" "/var/lib/crater-agent-workspace/builds/worker-2-tc2/source:/opt/rustwide/workdir:ro,Z" "-v" "/var/lib/crater-agent-workspace/cargo-home:/opt/rustwide/cargo-home:ro,Z" "-v" "/var/lib/crater-agent-workspace/rustup-home:/opt/rustwide/rustup-home:ro,Z" "-e" "SOURCE_DIR=/opt/rustwide/workdir" "-e" "CARGO_TARGET_DIR=/opt/rustwide/target" "-e" "CARGO_INCREMENTAL=0" "-e" "RUST_BACKTRACE=full" "-e" "RUSTFLAGS=--cap-lints=forbid" "-e" "RUSTDOCFLAGS=--cap-lints=forbid" "-e" "CARGO_HOME=/opt/rustwide/cargo-home" "-e" "RUSTUP_HOME=/opt/rustwide/rustup-home" "-w" "/opt/rustwide/workdir" "-m" "1610612736" "--user" "0:0" "--network" "none" "ghcr.io/rust-lang/crates-build-env/linux@sha256:19e73879b68f455e41552ea35293514db52ea292d993f571636dbffedb77a1ee" "/opt/rustwide/cargo-home/bin/cargo" "+e6e4f7ed1589e03bc2f6c5931c1a72e7947e8682" "check" "--frozen" "--all" "--all-targets" "--message-format=json", kill_on_drop: false }`
[INFO] [stdout] 88af375cb9860de5552fdb1c9423ca31b3591c10b3985778cfaaf1baa1e3c48a
[INFO] running `Command { std: "docker" "start" "-a" "88af375cb9860de5552fdb1c9423ca31b3591c10b3985778cfaaf1baa1e3c48a", kill_on_drop: false }`
[INFO] [stderr]    Compiling pkg-config v0.3.16
[INFO] [stderr]    Compiling proc-macro2 v1.0.5
[INFO] [stderr]    Compiling getrandom v0.1.12
[INFO] [stderr]    Compiling bitflags v1.2.0
[INFO] [stderr]    Compiling memchr v2.2.1
[INFO] [stderr]    Compiling syn v1.0.5
[INFO] [stderr]     Checking ppv-lite86 v0.2.5
[INFO] [stderr]     Checking matches v0.1.8
[INFO] [stderr]     Checking smallvec v0.6.10
[INFO] [stderr]    Compiling libc v0.2.62
[INFO] [stderr]     Checking unicode-width v0.1.6
[INFO] [stderr]    Compiling byteorder v1.3.2
[INFO] [stderr]    Compiling unicode-segmentation v1.3.0
[INFO] [stderr]     Checking thread_local v0.3.6
[INFO] [stderr]    Compiling log v0.4.8
[INFO] [stderr]     Checking atty v0.2.13
[INFO] [stderr]     Checking unicode-bidi v0.3.4
[INFO] [stderr]     Checking quick-error v1.2.2
[INFO] [stderr]     Checking regex-syntax v0.6.12
[INFO] [stderr]     Checking textwrap v0.11.0
[INFO] [stderr]     Checking ansi_term v0.11.0
[INFO] [stderr]    Compiling anyhow v1.0.11
[INFO] [stderr]     Checking unicode-normalization v0.1.8
[INFO] [stderr]     Checking vec_map v0.8.1
[INFO] [stderr]     Checking percent-encoding v2.1.0
[INFO] [stderr]     Checking humantime v1.3.0
[INFO] [stderr]     Checking dirs-sys v0.3.4
[INFO] [stderr]     Checking c2-chacha v0.2.2
[INFO] [stderr]    Compiling heck v0.3.1
[INFO] [stderr]     Checking rand_core v0.5.1
[INFO] [stderr]     Checking same-file v1.0.5
[INFO] [stderr]    Compiling num_cpus v1.10.1
[INFO] [stderr]    Compiling jobserver v0.1.17
[INFO] [stderr]     Checking clap v2.33.0
[INFO] [stderr]     Checking termcolor v1.0.5
[INFO] [stderr]     Checking remove_dir_all v0.5.2
[INFO] [stderr]     Checking walkdir v2.2.9
[INFO] [stderr]     Checking dirs v2.0.2
[INFO] [stderr]     Checking rand_chacha v0.2.1
[INFO] [stdout] error[E0407]: method `backtrace` is not a member of trait `StdError`
[INFO] [stdout]    --> /opt/rustwide/cargo-home/registry/src/index.crates.io-6f17d22bba15001f/anyhow-1.0.11/src/context.rs:177:5
[INFO] [stdout]     |
[INFO] [stdout] 177 | /     fn backtrace(&self) -> Option<&Backtrace> {
[INFO] [stdout] 178 | |         self.error.backtrace()
[INFO] [stdout] 179 | |     }
[INFO] [stdout]     | |_____^ not a member of trait `StdError`
[INFO] [stdout] 
[INFO] [stdout] 
[INFO] [stdout] error[E0407]: method `backtrace` is not a member of trait `StdError`
[INFO] [stdout]    --> /opt/rustwide/cargo-home/registry/src/index.crates.io-6f17d22bba15001f/anyhow-1.0.11/src/context.rs:191:5
[INFO] [stdout]     |
[INFO] [stdout] 191 | /     fn backtrace(&self) -> Option<&Backtrace> {
[INFO] [stdout] 192 | |         Some(self.error.backtrace())
[INFO] [stdout] 193 | |     }
[INFO] [stdout]     | |_____^ not a member of trait `StdError`
[INFO] [stdout] 
[INFO] [stdout] 
[INFO] [stderr]    Compiling cc v1.0.45
[INFO] [stdout] error[E0407]: method `backtrace` is not a member of trait `StdError`
[INFO] [stdout]    --> /opt/rustwide/cargo-home/registry/src/index.crates.io-6f17d22bba15001f/anyhow-1.0.11/src/error.rs:537:5
[INFO] [stdout]     |
[INFO] [stdout] 537 | /     fn backtrace(&self) -> Option<&Backtrace> {
[INFO] [stdout] 538 | |         Some(self.erase().backtrace())
[INFO] [stdout] 539 | |     }
[INFO] [stdout]     | |_____^ not a member of trait `StdError`
[INFO] [stdout] 
[INFO] [stdout] 
[INFO] [stderr]     Checking rand v0.7.2
[INFO] [stdout] error[E0599]: no method named `backtrace` found for type parameter `E` in the current scope
[INFO] [stdout]    --> /opt/rustwide/cargo-home/registry/src/index.crates.io-6f17d22bba15001f/anyhow-1.0.11/src/context.rs:178:20
[INFO] [stdout]     |
[INFO] [stdout] 171 | impl<E, C> StdError for ContextError<E, C>
[INFO] [stdout]     |      - method `backtrace` not found for this type parameter
[INFO] [stdout] ...
[INFO] [stdout] 178 |         self.error.backtrace()
[INFO] [stdout]     |                    ^^^^^^^^^ method not found in `E`
[INFO] [stdout] 
[INFO] [stdout] 
[INFO] [stderr]     Checking aho-corasick v0.7.6
[INFO] [stdout] error[E0599]: no method named `backtrace` found for type parameter `E` in the current scope
[INFO] [stdout]   --> /opt/rustwide/cargo-home/registry/src/index.crates.io-6f17d22bba15001f/anyhow-1.0.11/src/backtrace.rs:24:20
[INFO] [stdout]    |
[INFO] [stdout] 24 |         match $err.backtrace() {
[INFO] [stdout]    |                    ^^^^^^^^^ method not found in `E`
[INFO] [stdout]    |
[INFO] [stdout]   ::: /opt/rustwide/cargo-home/registry/src/index.crates.io-6f17d22bba15001f/anyhow-1.0.11/src/error.rs:32:16
[INFO] [stdout]    |
[INFO] [stdout] 32 |     pub fn new<E>(error: E) -> Self
[INFO] [stdout]    |                - method `backtrace` not found for this type parameter
[INFO] [stdout] ...
[INFO] [stdout] 36 |         let backtrace = backtrace_if_absent!(error);
[INFO] [stdout]    |                         --------------------------- in this macro invocation
[INFO] [stdout]    |
[INFO] [stdout]    = note: this error originates in the macro `backtrace_if_absent` (in Nightly builds, run with -Z macro-backtrace for more info)
[INFO] [stdout] 
[INFO] [stdout] 
[INFO] [stdout] error[E0599]: no method named `backtrace` found for type parameter `E` in the current scope
[INFO] [stdout]    --> /opt/rustwide/cargo-home/registry/src/index.crates.io-6f17d22bba15001f/anyhow-1.0.11/src/backtrace.rs:24:20
[INFO] [stdout]     |
[INFO] [stdout] 24  |         match $err.backtrace() {
[INFO] [stdout]     |                    ^^^^^^^^^ method not found in `E`
[INFO] [stdout]     |
[INFO] [stdout]    ::: /opt/rustwide/cargo-home/registry/src/index.crates.io-6f17d22bba15001f/anyhow-1.0.11/src/error.rs:313:6
[INFO] [stdout]     |
[INFO] [stdout] 313 | impl<E> From<E> for Error
[INFO] [stdout]     |      - method `backtrace` not found for this type parameter
[INFO] [stdout] ...
[INFO] [stdout] 318 |         let backtrace = backtrace_if_absent!(error);
[INFO] [stdout]     |                         --------------------------- in this macro invocation
[INFO] [stdout]     |
[INFO] [stdout]     = note: this error originates in the macro `backtrace_if_absent` (in Nightly builds, run with -Z macro-backtrace for more info)
[INFO] [stdout] 
[INFO] [stdout] 
[INFO] [stdout] error[E0599]: no method named `backtrace` found for reference `&(dyn std::error::Error + Send + Sync + 'static)` in the current scope
[INFO] [stdout]    --> /opt/rustwide/cargo-home/registry/src/index.crates.io-6f17d22bba15001f/anyhow-1.0.11/src/error.rs:484:38
[INFO] [stdout]     |
[INFO] [stdout] 484 |             .or_else(|| self.error().backtrace())
[INFO] [stdout]     |                                      ^^^^^^^^^ method not found in `&dyn Error + Send + Sync`
[INFO] [stdout] 
[INFO] [stdout] 
[INFO] [stdout] error: aborting due to 7 previous errors
[INFO] [stdout] 
[INFO] [stdout] 
[INFO] [stdout] Some errors have detailed explanations: E0407, E0599.
[INFO] [stdout] 
[INFO] [stdout] For more information about an error, try `rustc --explain E0407`.
[INFO] [stdout] 
[INFO] [stderr] error: could not compile `anyhow` (lib) due to 8 previous errors
[INFO] [stderr] warning: build failed, waiting for other jobs to finish...
[INFO] running `Command { std: "docker" "inspect" "88af375cb9860de5552fdb1c9423ca31b3591c10b3985778cfaaf1baa1e3c48a", kill_on_drop: false }`
[INFO] running `Command { std: "docker" "rm" "-f" "88af375cb9860de5552fdb1c9423ca31b3591c10b3985778cfaaf1baa1e3c48a", kill_on_drop: false }`
[INFO] [stdout] 88af375cb9860de5552fdb1c9423ca31b3591c10b3985778cfaaf1baa1e3c48a
